{"id":176037,"date":"2017-09-27T10:04:00","date_gmt":"2017-09-27T10:04:00","guid":{"rendered":"https:\/\/transinfo.pl\/x\/infotram\/tramino-nagrodzone-na-trako-_more_98892\/"},"modified":"2017-09-27T10:04:00","modified_gmt":"2017-09-27T10:04:00","slug":"tramino-nagrodzone-na-trako-_more_98892","status":"publish","type":"infotram","link":"https:\/\/transinfo.pl\/x\/infotram\/tramino-nagrodzone-na-trako-_more_98892\/","title":{"rendered":"Tramino nagrodzone na Trako"},"content":{"rendered":"<p><span style=\"font-weight: bold\">Tramino zdoby\u0142onagrod\u0119 w konkursie im. In\u017c. Ernesta Malinowskiego. Dzi\u015b przedstawiciele producentapochwali si\u0119 dyplomem i statuetk\u0105.<\/span><\/p>\n<p>W konkursie im. in\u017c. Ernesta Malinowskiego bior\u0105 udzia\u0142wyroby i innowacje techniczne stosowane w kolejnictwie. Ocenie podlegaj\u0105 wyrobyi technologie z zakresu tematycznego targ\u00f3w, zg\u0142oszone zar\u00f3wno przez polskie,jak i zagraniczne firmy bior\u0105ce udzia\u0142 w Targach TRAKO. Nagrod\u0105 jest statuetkab\u0119d\u0105ca replik\u0105 pomnika in\u017c. Ernesta Malinowskiego. W\u0142a\u015bnie ni\u0105 pochwalili si\u0119dzi\u015b przedstawiciele Solarisa i Stadlera, a tak\u017ce przewo\u017anika z Lipska, kt\u00f3rzyspotkali si\u0119 na w nagrodzonym poje\u017adzie. <\/p>\n<p>Przypomnijmy, \u017ce ramowa umowa zawarta z niemieck\u0105 firm\u0105obejmuje dostaw\u0119 41 tramwaj\u00f3w. Dotychczas zakontraktowane s\u0105 23 wagony. Jak\u0142atwo domy\u015ble\u0107 si\u0119 spotkanie szef\u00f3w obu stron, na Trako obecny jest m.in.Prezes LVB, jest dobr\u0105 okazj\u0105 do rozm\u00f3w na temat dostaw kolejnych pojazd\u00f3w. <\/p>\n<p><br class=\"innova\"> &#8222;<\/p>\n","protected":false},"author":1,"featured_media":176038,"comment_status":"","ping_status":"closed","template":"","categories":[25],"tags":[1031,813,815],"class_list":["post-176037","infotram","type-infotram","status-publish","has-post-thumbnail","hentry","category-producenci","tag-lipsk","tag-solaris","tag-tramino"],"acf":[],"yoast_head":"<!-- This site is optimized with the Yoast SEO Premium plugin v21.8 (Yoast SEO v23.7) - https:\/\/yoast.com\/wordpress\/plugins\/seo\/ -->\n<title>Tramino nagrodzone na Trako - TransInfo Archiwum<\/title>\n<meta name=\"robots\" content=\"index, follow, max-snippet:-1, max-image-preview:large, max-video-preview:-1\" \/>\n<link rel=\"canonical\" href=\"https:\/\/transinfo.pl\/x\/infotram\/tramino-nagrodzone-na-trako-_more_98892\/\" \/>\n<meta property=\"og:locale\" content=\"pl_PL\" \/>\n<meta property=\"og:type\" content=\"article\" \/>\n<meta property=\"og:title\" content=\"Tramino nagrodzone na Trako\" \/>\n<meta property=\"og:description\" content=\"Tramino zdoby\u0142onagrod\u0119 w konkursie im. In\u017c. Ernesta Malinowskiego. Dzi\u015b przedstawiciele producentapochwali si\u0119 dyplomem i...\" \/>\n<meta property=\"og:url\" content=\"https:\/\/transinfo.pl\/x\/infotram\/tramino-nagrodzone-na-trako-_more_98892\/\" \/>\n<meta property=\"og:site_name\" content=\"TransInfo Archiwum\" \/>\n<meta property=\"og:image\" content=\"http:\/\/default\" \/>\n<meta name=\"twitter:card\" content=\"summary_large_image\" \/>\n<meta name=\"twitter:label1\" content=\"Szacowany czas czytania\" \/>\n\t<meta name=\"twitter:data1\" content=\"1 minuta\" \/>\n<script type=\"application\/ld+json\" class=\"yoast-schema-graph\">{\"@context\":\"https:\/\/schema.org\",\"@graph\":[{\"@type\":\"WebPage\",\"@id\":\"https:\/\/transinfo.pl\/x\/infotram\/tramino-nagrodzone-na-trako-_more_98892\/\",\"url\":\"https:\/\/transinfo.pl\/x\/infotram\/tramino-nagrodzone-na-trako-_more_98892\/\",\"name\":\"Tramino nagrodzone na Trako - TransInfo Archiwum\",\"isPartOf\":{\"@id\":\"https:\/\/transinfo.pl\/x\/#website\"},\"primaryImageOfPage\":{\"@id\":\"https:\/\/transinfo.pl\/x\/infotram\/tramino-nagrodzone-na-trako-_more_98892\/#primaryimage\"},\"image\":{\"@id\":\"https:\/\/transinfo.pl\/x\/infotram\/tramino-nagrodzone-na-trako-_more_98892\/#primaryimage\"},\"thumbnailUrl\":\"https:\/\/transinfo.pl\/x\/wp-content\/uploads\/2022\/01\/Tramino-nagrodzone-na-Trako-0-1.jpg\",\"datePublished\":\"2017-09-27T10:04:00+00:00\",\"dateModified\":\"2017-09-27T10:04:00+00:00\",\"breadcrumb\":{\"@id\":\"https:\/\/transinfo.pl\/x\/infotram\/tramino-nagrodzone-na-trako-_more_98892\/#breadcrumb\"},\"inLanguage\":\"pl-PL\",\"potentialAction\":[{\"@type\":\"ReadAction\",\"target\":[\"https:\/\/transinfo.pl\/x\/infotram\/tramino-nagrodzone-na-trako-_more_98892\/\"]}]},{\"@type\":\"ImageObject\",\"inLanguage\":\"pl-PL\",\"@id\":\"https:\/\/transinfo.pl\/x\/infotram\/tramino-nagrodzone-na-trako-_more_98892\/#primaryimage\",\"url\":\"https:\/\/transinfo.pl\/x\/wp-content\/uploads\/2022\/01\/Tramino-nagrodzone-na-Trako-0-1.jpg\",\"contentUrl\":\"https:\/\/transinfo.pl\/x\/wp-content\/uploads\/2022\/01\/Tramino-nagrodzone-na-Trako-0-1.jpg\"},{\"@type\":\"BreadcrumbList\",\"@id\":\"https:\/\/transinfo.pl\/x\/infotram\/tramino-nagrodzone-na-trako-_more_98892\/#breadcrumb\",\"itemListElement\":[{\"@type\":\"ListItem\",\"position\":1,\"name\":\"Home\",\"item\":\"https:\/\/transinfo.pl\/x\/\"},{\"@type\":\"ListItem\",\"position\":2,\"name\":\"Infotram\",\"item\":\"https:\/\/transinfo.pl\/x\/infotram\/\"},{\"@type\":\"ListItem\",\"position\":3,\"name\":\"Tramino nagrodzone na Trako\"}]},{\"@type\":\"WebSite\",\"@id\":\"https:\/\/transinfo.pl\/x\/#website\",\"url\":\"https:\/\/transinfo.pl\/x\/\",\"name\":\"TransInfo Archiwum\",\"description\":\"Ca\u0142y transport w jednym miejscu\",\"publisher\":{\"@id\":\"https:\/\/transinfo.pl\/x\/#organization\"},\"potentialAction\":[{\"@type\":\"SearchAction\",\"target\":{\"@type\":\"EntryPoint\",\"urlTemplate\":\"https:\/\/transinfo.pl\/x\/?s={search_term_string}\"},\"query-input\":{\"@type\":\"PropertyValueSpecification\",\"valueRequired\":true,\"valueName\":\"search_term_string\"}}],\"inLanguage\":\"pl-PL\"},{\"@type\":\"Organization\",\"@id\":\"https:\/\/transinfo.pl\/x\/#organization\",\"name\":\"TransInfo\",\"url\":\"https:\/\/transinfo.pl\/x\/\",\"logo\":{\"@type\":\"ImageObject\",\"inLanguage\":\"pl-PL\",\"@id\":\"https:\/\/transinfo.pl\/x\/#\/schema\/logo\/image\/\",\"url\":\"https:\/\/transinfo.pl\/x\/wp-content\/uploads\/2024\/10\/favicon.png\",\"contentUrl\":\"https:\/\/transinfo.pl\/x\/wp-content\/uploads\/2024\/10\/favicon.png\",\"width\":512,\"height\":512,\"caption\":\"TransInfo\"},\"image\":{\"@id\":\"https:\/\/transinfo.pl\/x\/#\/schema\/logo\/image\/\"}}]}<\/script>\n<!-- \/ Yoast SEO Premium plugin. -->","yoast_head_json":{"title":"Tramino nagrodzone na Trako - TransInfo Archiwum","robots":{"index":"index","follow":"follow","max-snippet":"max-snippet:-1","max-image-preview":"max-image-preview:large","max-video-preview":"max-video-preview:-1"},"canonical":"https:\/\/transinfo.pl\/x\/infotram\/tramino-nagrodzone-na-trako-_more_98892\/","og_locale":"pl_PL","og_type":"article","og_title":"Tramino nagrodzone na Trako","og_description":"Tramino zdoby\u0142onagrod\u0119 w konkursie im. In\u017c. Ernesta Malinowskiego. Dzi\u015b przedstawiciele producentapochwali si\u0119 dyplomem i...","og_url":"https:\/\/transinfo.pl\/x\/infotram\/tramino-nagrodzone-na-trako-_more_98892\/","og_site_name":"TransInfo Archiwum","og_image":[{"url":"default"}],"twitter_card":"summary_large_image","twitter_misc":{"Szacowany czas czytania":"1 minuta"},"schema":{"@context":"https:\/\/schema.org","@graph":[{"@type":"WebPage","@id":"https:\/\/transinfo.pl\/x\/infotram\/tramino-nagrodzone-na-trako-_more_98892\/","url":"https:\/\/transinfo.pl\/x\/infotram\/tramino-nagrodzone-na-trako-_more_98892\/","name":"Tramino nagrodzone na Trako - TransInfo Archiwum","isPartOf":{"@id":"https:\/\/transinfo.pl\/x\/#website"},"primaryImageOfPage":{"@id":"https:\/\/transinfo.pl\/x\/infotram\/tramino-nagrodzone-na-trako-_more_98892\/#primaryimage"},"image":{"@id":"https:\/\/transinfo.pl\/x\/infotram\/tramino-nagrodzone-na-trako-_more_98892\/#primaryimage"},"thumbnailUrl":"https:\/\/transinfo.pl\/x\/wp-content\/uploads\/2022\/01\/Tramino-nagrodzone-na-Trako-0-1.jpg","datePublished":"2017-09-27T10:04:00+00:00","dateModified":"2017-09-27T10:04:00+00:00","breadcrumb":{"@id":"https:\/\/transinfo.pl\/x\/infotram\/tramino-nagrodzone-na-trako-_more_98892\/#breadcrumb"},"inLanguage":"pl-PL","potentialAction":[{"@type":"ReadAction","target":["https:\/\/transinfo.pl\/x\/infotram\/tramino-nagrodzone-na-trako-_more_98892\/"]}]},{"@type":"ImageObject","inLanguage":"pl-PL","@id":"https:\/\/transinfo.pl\/x\/infotram\/tramino-nagrodzone-na-trako-_more_98892\/#primaryimage","url":"https:\/\/transinfo.pl\/x\/wp-content\/uploads\/2022\/01\/Tramino-nagrodzone-na-Trako-0-1.jpg","contentUrl":"https:\/\/transinfo.pl\/x\/wp-content\/uploads\/2022\/01\/Tramino-nagrodzone-na-Trako-0-1.jpg"},{"@type":"BreadcrumbList","@id":"https:\/\/transinfo.pl\/x\/infotram\/tramino-nagrodzone-na-trako-_more_98892\/#breadcrumb","itemListElement":[{"@type":"ListItem","position":1,"name":"Home","item":"https:\/\/transinfo.pl\/x\/"},{"@type":"ListItem","position":2,"name":"Infotram","item":"https:\/\/transinfo.pl\/x\/infotram\/"},{"@type":"ListItem","position":3,"name":"Tramino nagrodzone na Trako"}]},{"@type":"WebSite","@id":"https:\/\/transinfo.pl\/x\/#website","url":"https:\/\/transinfo.pl\/x\/","name":"TransInfo Archiwum","description":"Ca\u0142y transport w jednym miejscu","publisher":{"@id":"https:\/\/transinfo.pl\/x\/#organization"},"potentialAction":[{"@type":"SearchAction","target":{"@type":"EntryPoint","urlTemplate":"https:\/\/transinfo.pl\/x\/?s={search_term_string}"},"query-input":{"@type":"PropertyValueSpecification","valueRequired":true,"valueName":"search_term_string"}}],"inLanguage":"pl-PL"},{"@type":"Organization","@id":"https:\/\/transinfo.pl\/x\/#organization","name":"TransInfo","url":"https:\/\/transinfo.pl\/x\/","logo":{"@type":"ImageObject","inLanguage":"pl-PL","@id":"https:\/\/transinfo.pl\/x\/#\/schema\/logo\/image\/","url":"https:\/\/transinfo.pl\/x\/wp-content\/uploads\/2024\/10\/favicon.png","contentUrl":"https:\/\/transinfo.pl\/x\/wp-content\/uploads\/2024\/10\/favicon.png","width":512,"height":512,"caption":"TransInfo"},"image":{"@id":"https:\/\/transinfo.pl\/x\/#\/schema\/logo\/image\/"}}]}},"_links":{"self":[{"href":"https:\/\/transinfo.pl\/x\/wp-json\/wp\/v2\/infotram\/176037","targetHints":{"allow":["GET"]}}],"collection":[{"href":"https:\/\/transinfo.pl\/x\/wp-json\/wp\/v2\/infotram"}],"about":[{"href":"https:\/\/transinfo.pl\/x\/wp-json\/wp\/v2\/types\/infotram"}],"author":[{"embeddable":true,"href":"https:\/\/transinfo.pl\/x\/wp-json\/wp\/v2\/users\/1"}],"replies":[{"embeddable":true,"href":"https:\/\/transinfo.pl\/x\/wp-json\/wp\/v2\/comments?post=176037"}],"wp:featuredmedia":[{"embeddable":true,"href":"https:\/\/transinfo.pl\/x\/wp-json\/wp\/v2\/media\/176038"}],"wp:attachment":[{"href":"https:\/\/transinfo.pl\/x\/wp-json\/wp\/v2\/media?parent=176037"}],"wp:term":[{"taxonomy":"category","embeddable":true,"href":"https:\/\/transinfo.pl\/x\/wp-json\/wp\/v2\/categories?post=176037"},{"taxonomy":"post_tag","embeddable":true,"href":"https:\/\/transinfo.pl\/x\/wp-json\/wp\/v2\/tags?post=176037"}],"curies":[{"name":"wp","href":"https:\/\/api.w.org\/{rel}","templated":true}]}}

<p><span style="font-weight: bold">Tramino zdobyłonagrodę w konkursie im. Inż. Ernesta Malinowskiego. Dziś przedstawiciele producentapochwali się dyplomem i statuetką.</span></p>
<p>W konkursie im. inż. Ernesta Malinowskiego biorą udziałwyroby i innowacje techniczne stosowane w kolejnictwie. Ocenie podlegają wyrobyi technologie z zakresu tematycznego targów, zgłoszone zarówno przez polskie,jak i zagraniczne firmy biorące udział w Targach TRAKO. Nagrodą jest statuetkabędąca repliką pomnika inż. Ernesta Malinowskiego. Właśnie nią pochwalili siędziś przedstawiciele Solarisa i Stadlera, a także przewoźnika z Lipska, którzyspotkali się na w nagrodzonym pojeździe. </p>
<p>Przypomnijmy, że ramowa umowa zawarta z niemiecką firmąobejmuje dostawę 41 tramwajów. Dotychczas zakontraktowane są 23 wagony. Jakłatwo domyśleć się spotkanie szefów obu stron, na Trako obecny jest m.in.Prezes LVB, jest dobrą okazją do rozmów na temat dostaw kolejnych pojazdów. </p>
<p><br class="innova"> &#8222;</p>

<!-- This site is optimized with the Yoast SEO Premium plugin v21.8 (Yoast SEO v23.7) - https://yoast.com/wordpress/plugins/seo/ -->
<title>Tramino nagrodzone na Trako - TransInfo Archiwum</title>
<meta name="robots" content="index, follow, max-snippet:-1, max-image-preview:large, max-video-preview:-1" />
<link rel="canonical" href="https://transinfo.pl/x/infotram/tramino-nagrodzone-na-trako-_more_98892/" />
<meta property="og:locale" content="pl_PL" />
<meta property="og:type" content="article" />
<meta property="og:title" content="Tramino nagrodzone na Trako" />
<meta property="og:description" content="Tramino zdobyłonagrodę w konkursie im. Inż. Ernesta Malinowskiego. Dziś przedstawiciele producentapochwali się dyplomem i..." />
<meta property="og:url" content="https://transinfo.pl/x/infotram/tramino-nagrodzone-na-trako-_more_98892/" />
<meta property="og:site_name" content="TransInfo Archiwum" />
<meta property="og:image" content="http://default" />
<meta name="twitter:card" content="summary_large_image" />
<meta name="twitter:label1" content="Szacowany czas czytania" />
	<meta name="twitter:data1" content="1 minuta" />
<script type="application/ld+json" class="yoast-schema-graph">{"@context":"https://schema.org","@graph":[{"@type":"WebPage","@id":"https://transinfo.pl/x/infotram/tramino-nagrodzone-na-trako-_more_98892/","url":"https://transinfo.pl/x/infotram/tramino-nagrodzone-na-trako-_more_98892/","name":"Tramino nagrodzone na Trako - TransInfo Archiwum","isPartOf":{"@id":"https://transinfo.pl/x/#website"},"primaryImageOfPage":{"@id":"https://transinfo.pl/x/infotram/tramino-nagrodzone-na-trako-_more_98892/#primaryimage"},"image":{"@id":"https://transinfo.pl/x/infotram/tramino-nagrodzone-na-trako-_more_98892/#primaryimage"},"thumbnailUrl":"https://transinfo.pl/x/wp-content/uploads/2022/01/Tramino-nagrodzone-na-Trako-0-1.jpg","datePublished":"2017-09-27T10:04:00+00:00","dateModified":"2017-09-27T10:04:00+00:00","breadcrumb":{"@id":"https://transinfo.pl/x/infotram/tramino-nagrodzone-na-trako-_more_98892/#breadcrumb"},"inLanguage":"pl-PL","potentialAction":[{"@type":"ReadAction","target":["https://transinfo.pl/x/infotram/tramino-nagrodzone-na-trako-_more_98892/"]}]},{"@type":"ImageObject","inLanguage":"pl-PL","@id":"https://transinfo.pl/x/infotram/tramino-nagrodzone-na-trako-_more_98892/#primaryimage","url":"https://transinfo.pl/x/wp-content/uploads/2022/01/Tramino-nagrodzone-na-Trako-0-1.jpg","contentUrl":"https://transinfo.pl/x/wp-content/uploads/2022/01/Tramino-nagrodzone-na-Trako-0-1.jpg"},{"@type":"BreadcrumbList","@id":"https://transinfo.pl/x/infotram/tramino-nagrodzone-na-trako-_more_98892/#breadcrumb","itemListElement":[{"@type":"ListItem","position":1,"name":"Home","item":"https://transinfo.pl/x/"},{"@type":"ListItem","position":2,"name":"Infotram","item":"https://transinfo.pl/x/infotram/"},{"@type":"ListItem","position":3,"name":"Tramino nagrodzone na Trako"}]},{"@type":"WebSite","@id":"https://transinfo.pl/x/#website","url":"https://transinfo.pl/x/","name":"TransInfo Archiwum","description":"Cały transport w jednym miejscu","publisher":{"@id":"https://transinfo.pl/x/#organization"},"potentialAction":[{"@type":"SearchAction","target":{"@type":"EntryPoint","urlTemplate":"https://transinfo.pl/x/?s={search_term_string}"},"query-input":{"@type":"PropertyValueSpecification","valueRequired":true,"valueName":"search_term_string"}}],"inLanguage":"pl-PL"},{"@type":"Organization","@id":"https://transinfo.pl/x/#organization","name":"TransInfo","url":"https://transinfo.pl/x/","logo":{"@type":"ImageObject","inLanguage":"pl-PL","@id":"https://transinfo.pl/x/#/schema/logo/image/","url":"https://transinfo.pl/x/wp-content/uploads/2024/10/favicon.png","contentUrl":"https://transinfo.pl/x/wp-content/uploads/2024/10/favicon.png","width":512,"height":512,"caption":"TransInfo"},"image":{"@id":"https://transinfo.pl/x/#/schema/logo/image/"}}]}</script>
<!-- / Yoast SEO Premium plugin. -->

Tramino zdobyłonagrodę w konkursie im. Inż. Ernesta Malinowskiego. Dziś przedstawiciele producentapochwali się dyplomem i...

Cały transport w jednym miejscu
