{"id":223392,"date":"2021-02-04T08:45:00","date_gmt":"2021-02-04T08:45:00","guid":{"rendered":"https:\/\/transinfo.pl\/x\/inforail\/zerwana-oblodzona-trakcja\/"},"modified":"2021-02-04T08:45:00","modified_gmt":"2021-02-04T08:45:00","slug":"zerwana-oblodzona-trakcja","status":"publish","type":"inforail","link":"https:\/\/transinfo.pl\/x\/inforail\/zerwana-oblodzona-trakcja\/","title":{"rendered":"Zerwana oblodzona trakcja"},"content":{"rendered":"<style>p{margin:0 0 1.5rem}p:last-child{margin:0}p.is-style-uppercase{text-transform:uppercase}p.is-style-preheading{color:#12406a;text-transform:uppercase}p.is-style-leadparagraph{font-size:1rem;line-height:1.625;font-weight:700}@media(min-width: 768px){p.is-style-leadparagraph{font-size:1.125rem;line-height:1.5555555556}}p.has-small-margin{margin-bottom:0.625rem}p.has-small-margin+h1,p.has-small-margin+h2,p.has-small-margin+h3{margin-top:1.875rem}\n<\/style>\n<p><strong>Z powodu zerwania oblodzonej sieci trakcyjnej na odcinku Dzia\u0142dowo &#8211; Nidzica zosta\u0142 wstrzymany ruch poci\u0105g\u00f3w.<\/strong><\/p>\n\n\n\n<p>Poci\u0105gi dalekobie\u017cne PKP Intercity \u0142\u0105cz\u0105ce Olsztyn z Warszaw\u0105 jad\u0105 tras\u0105 zmienion\u0105 przez I\u0142aw\u0119 i Ostr\u00f3d\u0119 &#8211; poinformowa\u0142y PAP PKP Polskie Linie Kolejowe.<\/p>\n\n\n\n<p>Martyn Jandu\u0142a z zespo\u0142u prasowego PKP PLK poinformowa\u0142 PAP, \u017ce do usterki sieci trakcyjnej dosz\u0142o z powodu trudnych warunk\u00f3w pogodowych &#8211; oblodzona zosta\u0142a trakcja, kt\u00f3ra nast\u0119pnie zosta\u0142a zerwana przez jeden z poci\u0105g\u00f3w. Do awarii dosz\u0142o o godz. 6.<\/p>\n\n\n\n<p>&#8222;Przez usterk\u0119 sieci wstrzymany zosta\u0142 ruch poci\u0105g\u00f3w na trasie Dzia\u0142dowo &#8211; Nidzica. Poci\u0105gi dalekobie\u017cne PKP Intercity \u0142\u0105cz\u0105ce Olsztyn z Warszaw\u0105 jad\u0105 tras\u0105 zmienion\u0105 przez I\u0142aw\u0119 i Ostr\u00f3d\u0119. Przewo\u017anik Polregio zorganizowa\u0142 zast\u0119pcz\u0105 komunikacj\u0119 autobusow\u0105 na trasie Dzia\u0142dowo &#8211; Nidzica &#8211; Olsztynek &#8211; Olsztyn&#8221; &#8211; poinformowa\u0142 Jandu\u0142a i doda\u0142, \u017ce podr\u00f3\u017cni w poci\u0105gach i na peronach s\u0105 informowani o aktualnej sytuacji i zmienionym czasie przejazdu.<\/p>\n\n\n\n<p>Na miejsce awarii skierowano dwa poci\u0105gi do naprawy sieci trakcyjnej ale z powodu sytuacji pogodowej &#8211; wci\u0105\u017c pada \u015bnieg &#8211; prace mog\u0105 potrwa\u0107 kilka godzin.<\/p>\n\n\n\n<p>Informacje o bie\u017c\u0105cym ruchu poci\u0105g\u00f3w dost\u0119pne s\u0105 na stronie portalpasazera.pl .<\/p>\n\n\n\n<p>W woj. warmi\u0144sko-mazurskim ca\u0142\u0105 noc pada\u0142 \u015bnieg, najwi\u0119cej &#8211; 58 cm spad\u0142o w okolicach Olecka. Miejscami \u015bnieg wci\u0105\u017c pada.(PAP)<\/p>\n","protected":false},"author":1,"featured_media":223393,"comment_status":"","ping_status":"closed","template":"","categories":[23],"tags":[6716,100,973],"class_list":["post-223392","inforail","type-inforail","status-publish","has-post-thumbnail","hentry","category-infrastruktura","tag-nidzica","tag-pkp-plk","tag-siec-trakcyjna"],"acf":[],"yoast_head":"<!-- This site is optimized with the Yoast SEO Premium plugin v21.8 (Yoast SEO v23.7) - https:\/\/yoast.com\/wordpress\/plugins\/seo\/ -->\n<title>Zerwana oblodzona trakcja - TransInfo Archiwum<\/title>\n<meta name=\"robots\" content=\"index, follow, max-snippet:-1, max-image-preview:large, max-video-preview:-1\" \/>\n<link rel=\"canonical\" href=\"https:\/\/transinfo.pl\/x\/inforail\/zerwana-oblodzona-trakcja\/\" \/>\n<meta property=\"og:locale\" content=\"pl_PL\" \/>\n<meta property=\"og:type\" content=\"article\" \/>\n<meta property=\"og:title\" content=\"Zerwana oblodzona trakcja\" \/>\n<meta property=\"og:description\" content=\"Z powodu zerwania oblodzonej sieci trakcyjnej na odcinku Dzia\u0142dowo &#8211; Nidzica zosta\u0142 wstrzymany ruch...\" \/>\n<meta property=\"og:url\" content=\"https:\/\/transinfo.pl\/x\/inforail\/zerwana-oblodzona-trakcja\/\" \/>\n<meta property=\"og:site_name\" content=\"TransInfo Archiwum\" \/>\n<meta property=\"og:image\" content=\"http:\/\/default\" \/>\n<meta name=\"twitter:card\" content=\"summary_large_image\" \/>\n<meta name=\"twitter:label1\" content=\"Szacowany czas czytania\" \/>\n\t<meta name=\"twitter:data1\" content=\"1 minuta\" \/>\n<script type=\"application\/ld+json\" class=\"yoast-schema-graph\">{\"@context\":\"https:\/\/schema.org\",\"@graph\":[{\"@type\":\"WebPage\",\"@id\":\"https:\/\/transinfo.pl\/x\/inforail\/zerwana-oblodzona-trakcja\/\",\"url\":\"https:\/\/transinfo.pl\/x\/inforail\/zerwana-oblodzona-trakcja\/\",\"name\":\"Zerwana oblodzona trakcja - TransInfo Archiwum\",\"isPartOf\":{\"@id\":\"https:\/\/transinfo.pl\/x\/#website\"},\"primaryImageOfPage\":{\"@id\":\"https:\/\/transinfo.pl\/x\/inforail\/zerwana-oblodzona-trakcja\/#primaryimage\"},\"image\":{\"@id\":\"https:\/\/transinfo.pl\/x\/inforail\/zerwana-oblodzona-trakcja\/#primaryimage\"},\"thumbnailUrl\":\"https:\/\/transinfo.pl\/x\/wp-content\/uploads\/2022\/01\/pkp-energetyka.jpg\",\"datePublished\":\"2021-02-04T08:45:00+00:00\",\"dateModified\":\"2021-02-04T08:45:00+00:00\",\"breadcrumb\":{\"@id\":\"https:\/\/transinfo.pl\/x\/inforail\/zerwana-oblodzona-trakcja\/#breadcrumb\"},\"inLanguage\":\"pl-PL\",\"potentialAction\":[{\"@type\":\"ReadAction\",\"target\":[\"https:\/\/transinfo.pl\/x\/inforail\/zerwana-oblodzona-trakcja\/\"]}]},{\"@type\":\"ImageObject\",\"inLanguage\":\"pl-PL\",\"@id\":\"https:\/\/transinfo.pl\/x\/inforail\/zerwana-oblodzona-trakcja\/#primaryimage\",\"url\":\"https:\/\/transinfo.pl\/x\/wp-content\/uploads\/2022\/01\/pkp-energetyka.jpg\",\"contentUrl\":\"https:\/\/transinfo.pl\/x\/wp-content\/uploads\/2022\/01\/pkp-energetyka.jpg\"},{\"@type\":\"BreadcrumbList\",\"@id\":\"https:\/\/transinfo.pl\/x\/inforail\/zerwana-oblodzona-trakcja\/#breadcrumb\",\"itemListElement\":[{\"@type\":\"ListItem\",\"position\":1,\"name\":\"Home\",\"item\":\"https:\/\/transinfo.pl\/x\/\"},{\"@type\":\"ListItem\",\"position\":2,\"name\":\"Inforail\",\"item\":\"https:\/\/transinfo.pl\/x\/inforail\/\"},{\"@type\":\"ListItem\",\"position\":3,\"name\":\"Zerwana oblodzona trakcja\"}]},{\"@type\":\"WebSite\",\"@id\":\"https:\/\/transinfo.pl\/x\/#website\",\"url\":\"https:\/\/transinfo.pl\/x\/\",\"name\":\"TransInfo Archiwum\",\"description\":\"Ca\u0142y transport w jednym miejscu\",\"publisher\":{\"@id\":\"https:\/\/transinfo.pl\/x\/#organization\"},\"potentialAction\":[{\"@type\":\"SearchAction\",\"target\":{\"@type\":\"EntryPoint\",\"urlTemplate\":\"https:\/\/transinfo.pl\/x\/?s={search_term_string}\"},\"query-input\":{\"@type\":\"PropertyValueSpecification\",\"valueRequired\":true,\"valueName\":\"search_term_string\"}}],\"inLanguage\":\"pl-PL\"},{\"@type\":\"Organization\",\"@id\":\"https:\/\/transinfo.pl\/x\/#organization\",\"name\":\"TransInfo\",\"url\":\"https:\/\/transinfo.pl\/x\/\",\"logo\":{\"@type\":\"ImageObject\",\"inLanguage\":\"pl-PL\",\"@id\":\"https:\/\/transinfo.pl\/x\/#\/schema\/logo\/image\/\",\"url\":\"https:\/\/transinfo.pl\/x\/wp-content\/uploads\/2024\/10\/favicon.png\",\"contentUrl\":\"https:\/\/transinfo.pl\/x\/wp-content\/uploads\/2024\/10\/favicon.png\",\"width\":512,\"height\":512,\"caption\":\"TransInfo\"},\"image\":{\"@id\":\"https:\/\/transinfo.pl\/x\/#\/schema\/logo\/image\/\"}}]}<\/script>\n<!-- \/ Yoast SEO Premium plugin. -->","yoast_head_json":{"title":"Zerwana oblodzona trakcja - TransInfo Archiwum","robots":{"index":"index","follow":"follow","max-snippet":"max-snippet:-1","max-image-preview":"max-image-preview:large","max-video-preview":"max-video-preview:-1"},"canonical":"https:\/\/transinfo.pl\/x\/inforail\/zerwana-oblodzona-trakcja\/","og_locale":"pl_PL","og_type":"article","og_title":"Zerwana oblodzona trakcja","og_description":"Z powodu zerwania oblodzonej sieci trakcyjnej na odcinku Dzia\u0142dowo &#8211; Nidzica zosta\u0142 wstrzymany ruch...","og_url":"https:\/\/transinfo.pl\/x\/inforail\/zerwana-oblodzona-trakcja\/","og_site_name":"TransInfo Archiwum","og_image":[{"url":"default"}],"twitter_card":"summary_large_image","twitter_misc":{"Szacowany czas czytania":"1 minuta"},"schema":{"@context":"https:\/\/schema.org","@graph":[{"@type":"WebPage","@id":"https:\/\/transinfo.pl\/x\/inforail\/zerwana-oblodzona-trakcja\/","url":"https:\/\/transinfo.pl\/x\/inforail\/zerwana-oblodzona-trakcja\/","name":"Zerwana oblodzona trakcja - TransInfo Archiwum","isPartOf":{"@id":"https:\/\/transinfo.pl\/x\/#website"},"primaryImageOfPage":{"@id":"https:\/\/transinfo.pl\/x\/inforail\/zerwana-oblodzona-trakcja\/#primaryimage"},"image":{"@id":"https:\/\/transinfo.pl\/x\/inforail\/zerwana-oblodzona-trakcja\/#primaryimage"},"thumbnailUrl":"https:\/\/transinfo.pl\/x\/wp-content\/uploads\/2022\/01\/pkp-energetyka.jpg","datePublished":"2021-02-04T08:45:00+00:00","dateModified":"2021-02-04T08:45:00+00:00","breadcrumb":{"@id":"https:\/\/transinfo.pl\/x\/inforail\/zerwana-oblodzona-trakcja\/#breadcrumb"},"inLanguage":"pl-PL","potentialAction":[{"@type":"ReadAction","target":["https:\/\/transinfo.pl\/x\/inforail\/zerwana-oblodzona-trakcja\/"]}]},{"@type":"ImageObject","inLanguage":"pl-PL","@id":"https:\/\/transinfo.pl\/x\/inforail\/zerwana-oblodzona-trakcja\/#primaryimage","url":"https:\/\/transinfo.pl\/x\/wp-content\/uploads\/2022\/01\/pkp-energetyka.jpg","contentUrl":"https:\/\/transinfo.pl\/x\/wp-content\/uploads\/2022\/01\/pkp-energetyka.jpg"},{"@type":"BreadcrumbList","@id":"https:\/\/transinfo.pl\/x\/inforail\/zerwana-oblodzona-trakcja\/#breadcrumb","itemListElement":[{"@type":"ListItem","position":1,"name":"Home","item":"https:\/\/transinfo.pl\/x\/"},{"@type":"ListItem","position":2,"name":"Inforail","item":"https:\/\/transinfo.pl\/x\/inforail\/"},{"@type":"ListItem","position":3,"name":"Zerwana oblodzona trakcja"}]},{"@type":"WebSite","@id":"https:\/\/transinfo.pl\/x\/#website","url":"https:\/\/transinfo.pl\/x\/","name":"TransInfo Archiwum","description":"Ca\u0142y transport w jednym miejscu","publisher":{"@id":"https:\/\/transinfo.pl\/x\/#organization"},"potentialAction":[{"@type":"SearchAction","target":{"@type":"EntryPoint","urlTemplate":"https:\/\/transinfo.pl\/x\/?s={search_term_string}"},"query-input":{"@type":"PropertyValueSpecification","valueRequired":true,"valueName":"search_term_string"}}],"inLanguage":"pl-PL"},{"@type":"Organization","@id":"https:\/\/transinfo.pl\/x\/#organization","name":"TransInfo","url":"https:\/\/transinfo.pl\/x\/","logo":{"@type":"ImageObject","inLanguage":"pl-PL","@id":"https:\/\/transinfo.pl\/x\/#\/schema\/logo\/image\/","url":"https:\/\/transinfo.pl\/x\/wp-content\/uploads\/2024\/10\/favicon.png","contentUrl":"https:\/\/transinfo.pl\/x\/wp-content\/uploads\/2024\/10\/favicon.png","width":512,"height":512,"caption":"TransInfo"},"image":{"@id":"https:\/\/transinfo.pl\/x\/#\/schema\/logo\/image\/"}}]}},"_links":{"self":[{"href":"https:\/\/transinfo.pl\/x\/wp-json\/wp\/v2\/inforail\/223392","targetHints":{"allow":["GET"]}}],"collection":[{"href":"https:\/\/transinfo.pl\/x\/wp-json\/wp\/v2\/inforail"}],"about":[{"href":"https:\/\/transinfo.pl\/x\/wp-json\/wp\/v2\/types\/inforail"}],"author":[{"embeddable":true,"href":"https:\/\/transinfo.pl\/x\/wp-json\/wp\/v2\/users\/1"}],"replies":[{"embeddable":true,"href":"https:\/\/transinfo.pl\/x\/wp-json\/wp\/v2\/comments?post=223392"}],"wp:featuredmedia":[{"embeddable":true,"href":"https:\/\/transinfo.pl\/x\/wp-json\/wp\/v2\/media\/223393"}],"wp:attachment":[{"href":"https:\/\/transinfo.pl\/x\/wp-json\/wp\/v2\/media?parent=223392"}],"wp:term":[{"taxonomy":"category","embeddable":true,"href":"https:\/\/transinfo.pl\/x\/wp-json\/wp\/v2\/categories?post=223392"},{"taxonomy":"post_tag","embeddable":true,"href":"https:\/\/transinfo.pl\/x\/wp-json\/wp\/v2\/tags?post=223392"}],"curies":[{"name":"wp","href":"https:\/\/api.w.org\/{rel}","templated":true}]}}

<style>p{margin:0 0 1.5rem}p:last-child{margin:0}p.is-style-uppercase{text-transform:uppercase}p.is-style-preheading{color:#12406a;text-transform:uppercase}p.is-style-leadparagraph{font-size:1rem;line-height:1.625;font-weight:700}@media(min-width: 768px){p.is-style-leadparagraph{font-size:1.125rem;line-height:1.5555555556}}p.has-small-margin{margin-bottom:0.625rem}p.has-small-margin+h1,p.has-small-margin+h2,p.has-small-margin+h3{margin-top:1.875rem}
</style>
<p><strong>Z powodu zerwania oblodzonej sieci trakcyjnej na odcinku Działdowo &#8211; Nidzica został wstrzymany ruch pociągów.</strong></p>



<p>Pociągi dalekobieżne PKP Intercity łączące Olsztyn z Warszawą jadą trasą zmienioną przez Iławę i Ostródę &#8211; poinformowały PAP PKP Polskie Linie Kolejowe.</p>



<p>Martyn Janduła z zespołu prasowego PKP PLK poinformował PAP, że do usterki sieci trakcyjnej doszło z powodu trudnych warunków pogodowych &#8211; oblodzona została trakcja, która następnie została zerwana przez jeden z pociągów. Do awarii doszło o godz. 6.</p>



<p>&#8222;Przez usterkę sieci wstrzymany został ruch pociągów na trasie Działdowo &#8211; Nidzica. Pociągi dalekobieżne PKP Intercity łączące Olsztyn z Warszawą jadą trasą zmienioną przez Iławę i Ostródę. Przewoźnik Polregio zorganizował zastępczą komunikację autobusową na trasie Działdowo &#8211; Nidzica &#8211; Olsztynek &#8211; Olsztyn&#8221; &#8211; poinformował Janduła i dodał, że podróżni w pociągach i na peronach są informowani o aktualnej sytuacji i zmienionym czasie przejazdu.</p>



<p>Na miejsce awarii skierowano dwa pociągi do naprawy sieci trakcyjnej ale z powodu sytuacji pogodowej &#8211; wciąż pada śnieg &#8211; prace mogą potrwać kilka godzin.</p>



<p>Informacje o bieżącym ruchu pociągów dostępne są na stronie portalpasazera.pl .</p>



<p>W woj. warmińsko-mazurskim całą noc padał śnieg, najwięcej &#8211; 58 cm spadło w okolicach Olecka. Miejscami śnieg wciąż pada.(PAP)</p>

<!-- This site is optimized with the Yoast SEO Premium plugin v21.8 (Yoast SEO v23.7) - https://yoast.com/wordpress/plugins/seo/ -->
<title>Zerwana oblodzona trakcja - TransInfo Archiwum</title>
<meta name="robots" content="index, follow, max-snippet:-1, max-image-preview:large, max-video-preview:-1" />
<link rel="canonical" href="https://transinfo.pl/x/inforail/zerwana-oblodzona-trakcja/" />
<meta property="og:locale" content="pl_PL" />
<meta property="og:type" content="article" />
<meta property="og:title" content="Zerwana oblodzona trakcja" />
<meta property="og:description" content="Z powodu zerwania oblodzonej sieci trakcyjnej na odcinku Działdowo &#8211; Nidzica został wstrzymany ruch..." />
<meta property="og:url" content="https://transinfo.pl/x/inforail/zerwana-oblodzona-trakcja/" />
<meta property="og:site_name" content="TransInfo Archiwum" />
<meta property="og:image" content="http://default" />
<meta name="twitter:card" content="summary_large_image" />
<meta name="twitter:label1" content="Szacowany czas czytania" />
	<meta name="twitter:data1" content="1 minuta" />
<script type="application/ld+json" class="yoast-schema-graph">{"@context":"https://schema.org","@graph":[{"@type":"WebPage","@id":"https://transinfo.pl/x/inforail/zerwana-oblodzona-trakcja/","url":"https://transinfo.pl/x/inforail/zerwana-oblodzona-trakcja/","name":"Zerwana oblodzona trakcja - TransInfo Archiwum","isPartOf":{"@id":"https://transinfo.pl/x/#website"},"primaryImageOfPage":{"@id":"https://transinfo.pl/x/inforail/zerwana-oblodzona-trakcja/#primaryimage"},"image":{"@id":"https://transinfo.pl/x/inforail/zerwana-oblodzona-trakcja/#primaryimage"},"thumbnailUrl":"https://transinfo.pl/x/wp-content/uploads/2022/01/pkp-energetyka.jpg","datePublished":"2021-02-04T08:45:00+00:00","dateModified":"2021-02-04T08:45:00+00:00","breadcrumb":{"@id":"https://transinfo.pl/x/inforail/zerwana-oblodzona-trakcja/#breadcrumb"},"inLanguage":"pl-PL","potentialAction":[{"@type":"ReadAction","target":["https://transinfo.pl/x/inforail/zerwana-oblodzona-trakcja/"]}]},{"@type":"ImageObject","inLanguage":"pl-PL","@id":"https://transinfo.pl/x/inforail/zerwana-oblodzona-trakcja/#primaryimage","url":"https://transinfo.pl/x/wp-content/uploads/2022/01/pkp-energetyka.jpg","contentUrl":"https://transinfo.pl/x/wp-content/uploads/2022/01/pkp-energetyka.jpg"},{"@type":"BreadcrumbList","@id":"https://transinfo.pl/x/inforail/zerwana-oblodzona-trakcja/#breadcrumb","itemListElement":[{"@type":"ListItem","position":1,"name":"Home","item":"https://transinfo.pl/x/"},{"@type":"ListItem","position":2,"name":"Inforail","item":"https://transinfo.pl/x/inforail/"},{"@type":"ListItem","position":3,"name":"Zerwana oblodzona trakcja"}]},{"@type":"WebSite","@id":"https://transinfo.pl/x/#website","url":"https://transinfo.pl/x/","name":"TransInfo Archiwum","description":"Cały transport w jednym miejscu","publisher":{"@id":"https://transinfo.pl/x/#organization"},"potentialAction":[{"@type":"SearchAction","target":{"@type":"EntryPoint","urlTemplate":"https://transinfo.pl/x/?s={search_term_string}"},"query-input":{"@type":"PropertyValueSpecification","valueRequired":true,"valueName":"search_term_string"}}],"inLanguage":"pl-PL"},{"@type":"Organization","@id":"https://transinfo.pl/x/#organization","name":"TransInfo","url":"https://transinfo.pl/x/","logo":{"@type":"ImageObject","inLanguage":"pl-PL","@id":"https://transinfo.pl/x/#/schema/logo/image/","url":"https://transinfo.pl/x/wp-content/uploads/2024/10/favicon.png","contentUrl":"https://transinfo.pl/x/wp-content/uploads/2024/10/favicon.png","width":512,"height":512,"caption":"TransInfo"},"image":{"@id":"https://transinfo.pl/x/#/schema/logo/image/"}}]}</script>
<!-- / Yoast SEO Premium plugin. -->

Z powodu zerwania oblodzonej sieci trakcyjnej na odcinku Działdowo &#8211; Nidzica został wstrzymany ruch...

Cały transport w jednym miejscu
