{"id":193614,"date":"2018-12-19T19:02:00","date_gmt":"2018-12-19T19:02:00","guid":{"rendered":"https:\/\/transinfo.pl\/x\/inforail\/dwa-sa109-zostana-sprzedane-do-czech-_more_110941\/"},"modified":"2018-12-19T19:02:00","modified_gmt":"2018-12-19T19:02:00","slug":"dwa-sa109-zostana-sprzedane-do-czech-_more_110941","status":"publish","type":"inforail","link":"https:\/\/transinfo.pl\/x\/inforail\/dwa-sa109-zostana-sprzedane-do-czech-_more_110941\/","title":{"rendered":"Dwa SA109 zostan\u0105 sprzedane do Czech"},"content":{"rendered":"<p style=\"text-align:\"><span style=\"font-weight: bold\">Koleje \u015al\u0105skiesprzeda\u0142y dwie jednostki SA109, oznaczone numerami 005 i 011. Oba pojazdytrafi\u0105 do Czech.<\/span><\/p>\n<p style=\"text-align: justify\">Koleje \u015al\u0105skie wskaza\u0142y ofert\u0119 z\u0142o\u017con\u0105 przez GW Train RegioA.S. jako najkorzystniejsz\u0105. Czesi zaproponowali za dwie jednostki kwot\u01191.243.000,00 z\u0142 brutto. Mniej korzystn\u0105 ofert\u0119 przedstawi\u0142y PrzewozyRegionalne, kt\u00f3re chcia\u0142y kupi\u0107 pojazdy za 1.188.950,00 z\u0142. A to oznacza, \u017ce toCzesi b\u0119d\u0105 nowymi w\u0142a\u015bcicielami popularnych Kolzam\u00f3w.<\/p>\n<p style=\"text-align: justify\">Przypomnijmy, \u017ce podobne jednostki chcia\u0142y sprzeda\u0107 tak\u017ceKoleje Dolno\u015bl\u0105skie. Na tamte pojazdy nie by\u0142o ch\u0119tnych. W obliczu zainteresowania\u015bl\u0105skimi pojazdami nale\u017cy spodziewa\u0107 si\u0119 powt\u00f3rzenia przetargu przezprzewo\u017anika z Dolnego \u015al\u0105ska. <\/p>\n<div style=\"text-align: justify\"><span><br \/><\/span><\/div>\n<p> &#8222;<\/p>\n","protected":false},"author":1,"featured_media":193615,"comment_status":"","ping_status":"closed","template":"","categories":[26],"tags":[7658,2491,2960],"class_list":["post-193614","inforail","type-inforail","status-publish","has-post-thumbnail","hentry","category-przewoznicy","tag-gw-train-regio","tag-koleje-slaskie","tag-sa109"],"acf":[],"yoast_head":"<!-- This site is optimized with the Yoast SEO Premium plugin v21.8 (Yoast SEO v23.7) - https:\/\/yoast.com\/wordpress\/plugins\/seo\/ -->\n<title>Dwa SA109 zostan\u0105 sprzedane do Czech - TransInfo Archiwum<\/title>\n<meta name=\"robots\" content=\"index, follow, max-snippet:-1, max-image-preview:large, max-video-preview:-1\" \/>\n<link rel=\"canonical\" href=\"https:\/\/transinfo.pl\/x\/inforail\/dwa-sa109-zostana-sprzedane-do-czech-_more_110941\/\" \/>\n<meta property=\"og:locale\" content=\"pl_PL\" \/>\n<meta property=\"og:type\" content=\"article\" \/>\n<meta property=\"og:title\" content=\"Dwa SA109 zostan\u0105 sprzedane do Czech\" \/>\n<meta property=\"og:description\" content=\"Koleje \u015al\u0105skiesprzeda\u0142y dwie jednostki SA109, oznaczone numerami 005 i 011. Oba pojazdytrafi\u0105 do Czech....\" \/>\n<meta property=\"og:url\" content=\"https:\/\/transinfo.pl\/x\/inforail\/dwa-sa109-zostana-sprzedane-do-czech-_more_110941\/\" \/>\n<meta property=\"og:site_name\" content=\"TransInfo Archiwum\" \/>\n<meta property=\"og:image\" content=\"http:\/\/default\" \/>\n<meta name=\"twitter:card\" content=\"summary_large_image\" \/>\n<meta name=\"twitter:label1\" content=\"Szacowany czas czytania\" \/>\n\t<meta name=\"twitter:data1\" content=\"1 minuta\" \/>\n<script type=\"application\/ld+json\" class=\"yoast-schema-graph\">{\"@context\":\"https:\/\/schema.org\",\"@graph\":[{\"@type\":\"WebPage\",\"@id\":\"https:\/\/transinfo.pl\/x\/inforail\/dwa-sa109-zostana-sprzedane-do-czech-_more_110941\/\",\"url\":\"https:\/\/transinfo.pl\/x\/inforail\/dwa-sa109-zostana-sprzedane-do-czech-_more_110941\/\",\"name\":\"Dwa SA109 zostan\u0105 sprzedane do Czech - TransInfo Archiwum\",\"isPartOf\":{\"@id\":\"https:\/\/transinfo.pl\/x\/#website\"},\"primaryImageOfPage\":{\"@id\":\"https:\/\/transinfo.pl\/x\/inforail\/dwa-sa109-zostana-sprzedane-do-czech-_more_110941\/#primaryimage\"},\"image\":{\"@id\":\"https:\/\/transinfo.pl\/x\/inforail\/dwa-sa109-zostana-sprzedane-do-czech-_more_110941\/#primaryimage\"},\"thumbnailUrl\":\"https:\/\/transinfo.pl\/x\/wp-content\/uploads\/2022\/01\/Dwa-SA109-zostana-sprzedane-do-Czech-foto-KS-0-1.jpg\",\"datePublished\":\"2018-12-19T19:02:00+00:00\",\"dateModified\":\"2018-12-19T19:02:00+00:00\",\"breadcrumb\":{\"@id\":\"https:\/\/transinfo.pl\/x\/inforail\/dwa-sa109-zostana-sprzedane-do-czech-_more_110941\/#breadcrumb\"},\"inLanguage\":\"pl-PL\",\"potentialAction\":[{\"@type\":\"ReadAction\",\"target\":[\"https:\/\/transinfo.pl\/x\/inforail\/dwa-sa109-zostana-sprzedane-do-czech-_more_110941\/\"]}]},{\"@type\":\"ImageObject\",\"inLanguage\":\"pl-PL\",\"@id\":\"https:\/\/transinfo.pl\/x\/inforail\/dwa-sa109-zostana-sprzedane-do-czech-_more_110941\/#primaryimage\",\"url\":\"https:\/\/transinfo.pl\/x\/wp-content\/uploads\/2022\/01\/Dwa-SA109-zostana-sprzedane-do-Czech-foto-KS-0-1.jpg\",\"contentUrl\":\"https:\/\/transinfo.pl\/x\/wp-content\/uploads\/2022\/01\/Dwa-SA109-zostana-sprzedane-do-Czech-foto-KS-0-1.jpg\"},{\"@type\":\"BreadcrumbList\",\"@id\":\"https:\/\/transinfo.pl\/x\/inforail\/dwa-sa109-zostana-sprzedane-do-czech-_more_110941\/#breadcrumb\",\"itemListElement\":[{\"@type\":\"ListItem\",\"position\":1,\"name\":\"Home\",\"item\":\"https:\/\/transinfo.pl\/x\/\"},{\"@type\":\"ListItem\",\"position\":2,\"name\":\"Inforail\",\"item\":\"https:\/\/transinfo.pl\/x\/inforail\/\"},{\"@type\":\"ListItem\",\"position\":3,\"name\":\"Dwa SA109 zostan\u0105 sprzedane do Czech\"}]},{\"@type\":\"WebSite\",\"@id\":\"https:\/\/transinfo.pl\/x\/#website\",\"url\":\"https:\/\/transinfo.pl\/x\/\",\"name\":\"TransInfo Archiwum\",\"description\":\"Ca\u0142y transport w jednym miejscu\",\"publisher\":{\"@id\":\"https:\/\/transinfo.pl\/x\/#organization\"},\"potentialAction\":[{\"@type\":\"SearchAction\",\"target\":{\"@type\":\"EntryPoint\",\"urlTemplate\":\"https:\/\/transinfo.pl\/x\/?s={search_term_string}\"},\"query-input\":{\"@type\":\"PropertyValueSpecification\",\"valueRequired\":true,\"valueName\":\"search_term_string\"}}],\"inLanguage\":\"pl-PL\"},{\"@type\":\"Organization\",\"@id\":\"https:\/\/transinfo.pl\/x\/#organization\",\"name\":\"TransInfo\",\"url\":\"https:\/\/transinfo.pl\/x\/\",\"logo\":{\"@type\":\"ImageObject\",\"inLanguage\":\"pl-PL\",\"@id\":\"https:\/\/transinfo.pl\/x\/#\/schema\/logo\/image\/\",\"url\":\"https:\/\/transinfo.pl\/x\/wp-content\/uploads\/2024\/10\/favicon.png\",\"contentUrl\":\"https:\/\/transinfo.pl\/x\/wp-content\/uploads\/2024\/10\/favicon.png\",\"width\":512,\"height\":512,\"caption\":\"TransInfo\"},\"image\":{\"@id\":\"https:\/\/transinfo.pl\/x\/#\/schema\/logo\/image\/\"}}]}<\/script>\n<!-- \/ Yoast SEO Premium plugin. -->","yoast_head_json":{"title":"Dwa SA109 zostan\u0105 sprzedane do Czech - TransInfo Archiwum","robots":{"index":"index","follow":"follow","max-snippet":"max-snippet:-1","max-image-preview":"max-image-preview:large","max-video-preview":"max-video-preview:-1"},"canonical":"https:\/\/transinfo.pl\/x\/inforail\/dwa-sa109-zostana-sprzedane-do-czech-_more_110941\/","og_locale":"pl_PL","og_type":"article","og_title":"Dwa SA109 zostan\u0105 sprzedane do Czech","og_description":"Koleje \u015al\u0105skiesprzeda\u0142y dwie jednostki SA109, oznaczone numerami 005 i 011. Oba pojazdytrafi\u0105 do Czech....","og_url":"https:\/\/transinfo.pl\/x\/inforail\/dwa-sa109-zostana-sprzedane-do-czech-_more_110941\/","og_site_name":"TransInfo Archiwum","og_image":[{"url":"default"}],"twitter_card":"summary_large_image","twitter_misc":{"Szacowany czas czytania":"1 minuta"},"schema":{"@context":"https:\/\/schema.org","@graph":[{"@type":"WebPage","@id":"https:\/\/transinfo.pl\/x\/inforail\/dwa-sa109-zostana-sprzedane-do-czech-_more_110941\/","url":"https:\/\/transinfo.pl\/x\/inforail\/dwa-sa109-zostana-sprzedane-do-czech-_more_110941\/","name":"Dwa SA109 zostan\u0105 sprzedane do Czech - TransInfo Archiwum","isPartOf":{"@id":"https:\/\/transinfo.pl\/x\/#website"},"primaryImageOfPage":{"@id":"https:\/\/transinfo.pl\/x\/inforail\/dwa-sa109-zostana-sprzedane-do-czech-_more_110941\/#primaryimage"},"image":{"@id":"https:\/\/transinfo.pl\/x\/inforail\/dwa-sa109-zostana-sprzedane-do-czech-_more_110941\/#primaryimage"},"thumbnailUrl":"https:\/\/transinfo.pl\/x\/wp-content\/uploads\/2022\/01\/Dwa-SA109-zostana-sprzedane-do-Czech-foto-KS-0-1.jpg","datePublished":"2018-12-19T19:02:00+00:00","dateModified":"2018-12-19T19:02:00+00:00","breadcrumb":{"@id":"https:\/\/transinfo.pl\/x\/inforail\/dwa-sa109-zostana-sprzedane-do-czech-_more_110941\/#breadcrumb"},"inLanguage":"pl-PL","potentialAction":[{"@type":"ReadAction","target":["https:\/\/transinfo.pl\/x\/inforail\/dwa-sa109-zostana-sprzedane-do-czech-_more_110941\/"]}]},{"@type":"ImageObject","inLanguage":"pl-PL","@id":"https:\/\/transinfo.pl\/x\/inforail\/dwa-sa109-zostana-sprzedane-do-czech-_more_110941\/#primaryimage","url":"https:\/\/transinfo.pl\/x\/wp-content\/uploads\/2022\/01\/Dwa-SA109-zostana-sprzedane-do-Czech-foto-KS-0-1.jpg","contentUrl":"https:\/\/transinfo.pl\/x\/wp-content\/uploads\/2022\/01\/Dwa-SA109-zostana-sprzedane-do-Czech-foto-KS-0-1.jpg"},{"@type":"BreadcrumbList","@id":"https:\/\/transinfo.pl\/x\/inforail\/dwa-sa109-zostana-sprzedane-do-czech-_more_110941\/#breadcrumb","itemListElement":[{"@type":"ListItem","position":1,"name":"Home","item":"https:\/\/transinfo.pl\/x\/"},{"@type":"ListItem","position":2,"name":"Inforail","item":"https:\/\/transinfo.pl\/x\/inforail\/"},{"@type":"ListItem","position":3,"name":"Dwa SA109 zostan\u0105 sprzedane do Czech"}]},{"@type":"WebSite","@id":"https:\/\/transinfo.pl\/x\/#website","url":"https:\/\/transinfo.pl\/x\/","name":"TransInfo Archiwum","description":"Ca\u0142y transport w jednym miejscu","publisher":{"@id":"https:\/\/transinfo.pl\/x\/#organization"},"potentialAction":[{"@type":"SearchAction","target":{"@type":"EntryPoint","urlTemplate":"https:\/\/transinfo.pl\/x\/?s={search_term_string}"},"query-input":{"@type":"PropertyValueSpecification","valueRequired":true,"valueName":"search_term_string"}}],"inLanguage":"pl-PL"},{"@type":"Organization","@id":"https:\/\/transinfo.pl\/x\/#organization","name":"TransInfo","url":"https:\/\/transinfo.pl\/x\/","logo":{"@type":"ImageObject","inLanguage":"pl-PL","@id":"https:\/\/transinfo.pl\/x\/#\/schema\/logo\/image\/","url":"https:\/\/transinfo.pl\/x\/wp-content\/uploads\/2024\/10\/favicon.png","contentUrl":"https:\/\/transinfo.pl\/x\/wp-content\/uploads\/2024\/10\/favicon.png","width":512,"height":512,"caption":"TransInfo"},"image":{"@id":"https:\/\/transinfo.pl\/x\/#\/schema\/logo\/image\/"}}]}},"_links":{"self":[{"href":"https:\/\/transinfo.pl\/x\/wp-json\/wp\/v2\/inforail\/193614","targetHints":{"allow":["GET"]}}],"collection":[{"href":"https:\/\/transinfo.pl\/x\/wp-json\/wp\/v2\/inforail"}],"about":[{"href":"https:\/\/transinfo.pl\/x\/wp-json\/wp\/v2\/types\/inforail"}],"author":[{"embeddable":true,"href":"https:\/\/transinfo.pl\/x\/wp-json\/wp\/v2\/users\/1"}],"replies":[{"embeddable":true,"href":"https:\/\/transinfo.pl\/x\/wp-json\/wp\/v2\/comments?post=193614"}],"wp:featuredmedia":[{"embeddable":true,"href":"https:\/\/transinfo.pl\/x\/wp-json\/wp\/v2\/media\/193615"}],"wp:attachment":[{"href":"https:\/\/transinfo.pl\/x\/wp-json\/wp\/v2\/media?parent=193614"}],"wp:term":[{"taxonomy":"category","embeddable":true,"href":"https:\/\/transinfo.pl\/x\/wp-json\/wp\/v2\/categories?post=193614"},{"taxonomy":"post_tag","embeddable":true,"href":"https:\/\/transinfo.pl\/x\/wp-json\/wp\/v2\/tags?post=193614"}],"curies":[{"name":"wp","href":"https:\/\/api.w.org\/{rel}","templated":true}]}}

Dwa SA109 zostaną sprzedane do Czech

<p style="text-align:"><span style="font-weight: bold">Koleje Śląskiesprzedały dwie jednostki SA109, oznaczone numerami 005 i 011. Oba pojazdytrafią do Czech.</span></p>
<p style="text-align: justify">Koleje Śląskie wskazały ofertę złożoną przez GW Train RegioA.S. jako najkorzystniejszą. Czesi zaproponowali za dwie jednostki kwotę1.243.000,00 zł brutto. Mniej korzystną ofertę przedstawiły PrzewozyRegionalne, które chciały kupić pojazdy za 1.188.950,00 zł. A to oznacza, że toCzesi będą nowymi właścicielami popularnych Kolzamów.</p>
<p style="text-align: justify">Przypomnijmy, że podobne jednostki chciały sprzedać takżeKoleje Dolnośląskie. Na tamte pojazdy nie było chętnych. W obliczu zainteresowaniaśląskimi pojazdami należy spodziewać się powtórzenia przetargu przezprzewoźnika z Dolnego Śląska. </p>
<div style="text-align: justify"><span><br /></span></div>
<p> &#8222;</p>

<!-- This site is optimized with the Yoast SEO Premium plugin v21.8 (Yoast SEO v23.7) - https://yoast.com/wordpress/plugins/seo/ -->
<title>Dwa SA109 zostaną sprzedane do Czech - TransInfo Archiwum</title>
<meta name="robots" content="index, follow, max-snippet:-1, max-image-preview:large, max-video-preview:-1" />
<link rel="canonical" href="https://transinfo.pl/x/inforail/dwa-sa109-zostana-sprzedane-do-czech-_more_110941/" />
<meta property="og:locale" content="pl_PL" />
<meta property="og:type" content="article" />
<meta property="og:title" content="Dwa SA109 zostaną sprzedane do Czech" />
<meta property="og:description" content="Koleje Śląskiesprzedały dwie jednostki SA109, oznaczone numerami 005 i 011. Oba pojazdytrafią do Czech...." />
<meta property="og:url" content="https://transinfo.pl/x/inforail/dwa-sa109-zostana-sprzedane-do-czech-_more_110941/" />
<meta property="og:site_name" content="TransInfo Archiwum" />
<meta property="og:image" content="http://default" />
<meta name="twitter:card" content="summary_large_image" />
<meta name="twitter:label1" content="Szacowany czas czytania" />
	<meta name="twitter:data1" content="1 minuta" />
<script type="application/ld+json" class="yoast-schema-graph">{"@context":"https://schema.org","@graph":[{"@type":"WebPage","@id":"https://transinfo.pl/x/inforail/dwa-sa109-zostana-sprzedane-do-czech-_more_110941/","url":"https://transinfo.pl/x/inforail/dwa-sa109-zostana-sprzedane-do-czech-_more_110941/","name":"Dwa SA109 zostaną sprzedane do Czech - TransInfo Archiwum","isPartOf":{"@id":"https://transinfo.pl/x/#website"},"primaryImageOfPage":{"@id":"https://transinfo.pl/x/inforail/dwa-sa109-zostana-sprzedane-do-czech-_more_110941/#primaryimage"},"image":{"@id":"https://transinfo.pl/x/inforail/dwa-sa109-zostana-sprzedane-do-czech-_more_110941/#primaryimage"},"thumbnailUrl":"https://transinfo.pl/x/wp-content/uploads/2022/01/Dwa-SA109-zostana-sprzedane-do-Czech-foto-KS-0-1.jpg","datePublished":"2018-12-19T19:02:00+00:00","dateModified":"2018-12-19T19:02:00+00:00","breadcrumb":{"@id":"https://transinfo.pl/x/inforail/dwa-sa109-zostana-sprzedane-do-czech-_more_110941/#breadcrumb"},"inLanguage":"pl-PL","potentialAction":[{"@type":"ReadAction","target":["https://transinfo.pl/x/inforail/dwa-sa109-zostana-sprzedane-do-czech-_more_110941/"]}]},{"@type":"ImageObject","inLanguage":"pl-PL","@id":"https://transinfo.pl/x/inforail/dwa-sa109-zostana-sprzedane-do-czech-_more_110941/#primaryimage","url":"https://transinfo.pl/x/wp-content/uploads/2022/01/Dwa-SA109-zostana-sprzedane-do-Czech-foto-KS-0-1.jpg","contentUrl":"https://transinfo.pl/x/wp-content/uploads/2022/01/Dwa-SA109-zostana-sprzedane-do-Czech-foto-KS-0-1.jpg"},{"@type":"BreadcrumbList","@id":"https://transinfo.pl/x/inforail/dwa-sa109-zostana-sprzedane-do-czech-_more_110941/#breadcrumb","itemListElement":[{"@type":"ListItem","position":1,"name":"Home","item":"https://transinfo.pl/x/"},{"@type":"ListItem","position":2,"name":"Inforail","item":"https://transinfo.pl/x/inforail/"},{"@type":"ListItem","position":3,"name":"Dwa SA109 zostaną sprzedane do Czech"}]},{"@type":"WebSite","@id":"https://transinfo.pl/x/#website","url":"https://transinfo.pl/x/","name":"TransInfo Archiwum","description":"Cały transport w jednym miejscu","publisher":{"@id":"https://transinfo.pl/x/#organization"},"potentialAction":[{"@type":"SearchAction","target":{"@type":"EntryPoint","urlTemplate":"https://transinfo.pl/x/?s={search_term_string}"},"query-input":{"@type":"PropertyValueSpecification","valueRequired":true,"valueName":"search_term_string"}}],"inLanguage":"pl-PL"},{"@type":"Organization","@id":"https://transinfo.pl/x/#organization","name":"TransInfo","url":"https://transinfo.pl/x/","logo":{"@type":"ImageObject","inLanguage":"pl-PL","@id":"https://transinfo.pl/x/#/schema/logo/image/","url":"https://transinfo.pl/x/wp-content/uploads/2024/10/favicon.png","contentUrl":"https://transinfo.pl/x/wp-content/uploads/2024/10/favicon.png","width":512,"height":512,"caption":"TransInfo"},"image":{"@id":"https://transinfo.pl/x/#/schema/logo/image/"}}]}</script>
<!-- / Yoast SEO Premium plugin. -->

Dwa SA109 zostaną sprzedane do Czech - TransInfo Archiwum

Koleje Śląskiesprzedały dwie jednostki SA109, oznaczone numerami 005 i 011. Oba pojazdytrafią do Czech....

Cały transport w jednym miejscu
