{"id":250381,"date":"2023-02-17T15:30:00","date_gmt":"2023-02-17T15:30:00","guid":{"rendered":"https:\/\/transinfo.pl\/x\/infoair\/lot-ponownie-uruchomi-polaczenie-budapeszt-seul\/"},"modified":"2023-02-17T15:30:00","modified_gmt":"2023-02-17T15:30:00","slug":"lot-ponownie-uruchomi-polaczenie-budapeszt-seul","status":"publish","type":"infoair","link":"https:\/\/transinfo.pl\/x\/infoair\/lot-ponownie-uruchomi-polaczenie-budapeszt-seul\/","title":{"rendered":"LOT ponownie uruchomi po\u0142\u0105czenie Budapeszt &#8211; Seul"},"content":{"rendered":"<style>h1,h2,h3,h4,h5,h6{margin:0 0 1.25rem;font-family:Arial,sans-serif;font-weight:600;color:#050505}h1{font-size:1.875rem;line-height:1.1em;text-transform:none}@media(min-width: 768px){h1{font-size:2.375rem}}h2{font-size:1.1875rem;line-height:1.2em;text-transform:uppercase}@media(min-width: 768px){h2{font-size:1.0625rem}}h3{font-size:0.9375rem;line-height:1.4em;font-weight:900;margin-bottom:0.9375rem}h4{font-size:0.875rem;line-height:1.2em;font-weight:500}h5{font-size:0.9375rem;line-height:1.6;font-weight:400}h6{font-size:0.9375rem;line-height:1.6;font-weight:600}\n<\/style>\n<h6 class=\"wp-block-heading\">PLL LOT od 27 marca uruchomi ponownie bezpo\u015brednie po\u0142\u0105czenie mi\u0119dzy Budapesztem a Seulem; rejsy na tej trasie maj\u0105 si\u0119 odbywa\u0107 cztery razy w tygodniu &#8211; poinformowa\u0142 w pi\u0105tek przewo\u017anik. Loty b\u0119d\u0105 realizowane Boeingami 787-8 Dreamliner.<\/h6>\n\n\n<style>p{margin:0 0 1.5rem}p:last-child{margin:0}p.is-style-uppercase{text-transform:uppercase}p.is-style-preheading{color:#12406a;text-transform:uppercase}p.is-style-leadparagraph{font-size:1rem;line-height:1.625;font-weight:700}@media(min-width: 768px){p.is-style-leadparagraph{font-size:1.125rem;line-height:1.5555555556}}p.has-small-margin{margin-bottom:0.625rem}p.has-small-margin+h1,p.has-small-margin+h2,p.has-small-margin+h3{margin-top:1.875rem}\n<\/style>\n<p>Od 27 marca bezpo\u015brednie po\u0142\u0105czenie PLL LOT Budapeszt &#8211; Seul 4 razy w tygodniu &#8211; przekaza\u0142y PLL LOT .<\/p>\n\n\n\n<p>Loty maj\u0105 by\u0107 obs\u0142ugiwane przez Boeing 787-8 Dreamliner w poniedzia\u0142ki, \u015brody, czwartki i soboty. Czas trwania rejsu ma wynosi\u0107 niespe\u0142na 11 godzin.<\/p>\n\n\n\n<p>Narodowy przewo\u017anik zainaugurowa\u0142 rejsy na trasie Budapeszt &#8211; Seul we wrze\u015bniu 2019, potem z powodu pandemii w 2020 r. je zawiesi\u0142, potem ponownie wznowi\u0142 na jaki\u015b czas.<\/p>\n\n\n\n<p>G\u0142\u00f3wnym akcjonariuszem PLL LOT jest Skarb Pa\u0144stwa, kt\u00f3ry ma 69,3 proc. udzia\u0142\u00f3w w sp\u00f3\u0142ce. Drugim akcjonariuszem z 30,7 proc. jest Polska Grupa Lotnicza. PGL nale\u017cy w 100 proc. do Skarbu Pa\u0144stwa. (PAP)<\/p>\n","protected":false},"author":1,"featured_media":0,"comment_status":"","ping_status":"closed","template":"","categories":[1],"tags":[632,3265,31,5568,10957],"class_list":["post-250381","infoair","type-infoair","status-publish","hentry","category-kontrakty","tag-budapeszt","tag-linie-lotnicze","tag-lot","tag-polaczenie-lotnicze","tag-seul"],"acf":[],"yoast_head":"<!-- This site is optimized with the Yoast SEO Premium plugin v21.8 (Yoast SEO v23.7) - https:\/\/yoast.com\/wordpress\/plugins\/seo\/ -->\n<title>LOT ponownie uruchomi po\u0142\u0105czenie Budapeszt - Seul - TransInfo Archiwum<\/title>\n<meta name=\"description\" content=\"PLL LOT od 27 marca uruchomi ponownie bezpo\u015brednie po\u0142\u0105czenie mi\u0119dzy Budapesztem a Seulem; rejsy maj\u0105 si\u0119 odbywa\u0107 cztery razy w tygodniu\" \/>\n<meta name=\"robots\" content=\"index, follow, max-snippet:-1, max-image-preview:large, max-video-preview:-1\" \/>\n<link rel=\"canonical\" href=\"https:\/\/transinfo.pl\/x\/infoair\/lot-ponownie-uruchomi-polaczenie-budapeszt-seul\/\" \/>\n<meta property=\"og:locale\" content=\"pl_PL\" \/>\n<meta property=\"og:type\" content=\"article\" \/>\n<meta property=\"og:title\" content=\"LOT ponownie uruchomi po\u0142\u0105czenie Budapeszt - Seul\" \/>\n<meta property=\"og:description\" content=\"PLL LOT od 27 marca uruchomi ponownie bezpo\u015brednie po\u0142\u0105czenie mi\u0119dzy Budapesztem a Seulem; rejsy maj\u0105 si\u0119 odbywa\u0107 cztery razy w tygodniu\" \/>\n<meta property=\"og:url\" content=\"https:\/\/transinfo.pl\/x\/infoair\/lot-ponownie-uruchomi-polaczenie-budapeszt-seul\/\" \/>\n<meta property=\"og:site_name\" content=\"TransInfo Archiwum\" \/>\n<meta property=\"og:image\" content=\"http:\/\/default\" \/>\n<meta name=\"twitter:card\" content=\"summary_large_image\" \/>\n<meta name=\"twitter:label1\" content=\"Szacowany czas czytania\" \/>\n\t<meta name=\"twitter:data1\" content=\"1 minuta\" \/>\n<script type=\"application\/ld+json\" class=\"yoast-schema-graph\">{\"@context\":\"https:\/\/schema.org\",\"@graph\":[{\"@type\":\"WebPage\",\"@id\":\"https:\/\/transinfo.pl\/x\/infoair\/lot-ponownie-uruchomi-polaczenie-budapeszt-seul\/\",\"url\":\"https:\/\/transinfo.pl\/x\/infoair\/lot-ponownie-uruchomi-polaczenie-budapeszt-seul\/\",\"name\":\"LOT ponownie uruchomi po\u0142\u0105czenie Budapeszt - Seul - TransInfo Archiwum\",\"isPartOf\":{\"@id\":\"https:\/\/transinfo.pl\/x\/#website\"},\"datePublished\":\"2023-02-17T15:30:00+00:00\",\"dateModified\":\"2023-02-17T15:30:00+00:00\",\"description\":\"PLL LOT od 27 marca uruchomi ponownie bezpo\u015brednie po\u0142\u0105czenie mi\u0119dzy Budapesztem a Seulem; rejsy maj\u0105 si\u0119 odbywa\u0107 cztery razy w tygodniu\",\"breadcrumb\":{\"@id\":\"https:\/\/transinfo.pl\/x\/infoair\/lot-ponownie-uruchomi-polaczenie-budapeszt-seul\/#breadcrumb\"},\"inLanguage\":\"pl-PL\",\"potentialAction\":[{\"@type\":\"ReadAction\",\"target\":[\"https:\/\/transinfo.pl\/x\/infoair\/lot-ponownie-uruchomi-polaczenie-budapeszt-seul\/\"]}]},{\"@type\":\"BreadcrumbList\",\"@id\":\"https:\/\/transinfo.pl\/x\/infoair\/lot-ponownie-uruchomi-polaczenie-budapeszt-seul\/#breadcrumb\",\"itemListElement\":[{\"@type\":\"ListItem\",\"position\":1,\"name\":\"Home\",\"item\":\"https:\/\/transinfo.pl\/x\/\"},{\"@type\":\"ListItem\",\"position\":2,\"name\":\"Infoair\",\"item\":\"https:\/\/transinfo.pl\/x\/infoair\/\"},{\"@type\":\"ListItem\",\"position\":3,\"name\":\"LOT ponownie uruchomi po\u0142\u0105czenie Budapeszt &#8211; Seul\"}]},{\"@type\":\"WebSite\",\"@id\":\"https:\/\/transinfo.pl\/x\/#website\",\"url\":\"https:\/\/transinfo.pl\/x\/\",\"name\":\"TransInfo Archiwum\",\"description\":\"Ca\u0142y transport w jednym miejscu\",\"publisher\":{\"@id\":\"https:\/\/transinfo.pl\/x\/#organization\"},\"potentialAction\":[{\"@type\":\"SearchAction\",\"target\":{\"@type\":\"EntryPoint\",\"urlTemplate\":\"https:\/\/transinfo.pl\/x\/?s={search_term_string}\"},\"query-input\":{\"@type\":\"PropertyValueSpecification\",\"valueRequired\":true,\"valueName\":\"search_term_string\"}}],\"inLanguage\":\"pl-PL\"},{\"@type\":\"Organization\",\"@id\":\"https:\/\/transinfo.pl\/x\/#organization\",\"name\":\"TransInfo\",\"url\":\"https:\/\/transinfo.pl\/x\/\",\"logo\":{\"@type\":\"ImageObject\",\"inLanguage\":\"pl-PL\",\"@id\":\"https:\/\/transinfo.pl\/x\/#\/schema\/logo\/image\/\",\"url\":\"https:\/\/transinfo.pl\/x\/wp-content\/uploads\/2024\/10\/favicon.png\",\"contentUrl\":\"https:\/\/transinfo.pl\/x\/wp-content\/uploads\/2024\/10\/favicon.png\",\"width\":512,\"height\":512,\"caption\":\"TransInfo\"},\"image\":{\"@id\":\"https:\/\/transinfo.pl\/x\/#\/schema\/logo\/image\/\"}}]}<\/script>\n<!-- \/ Yoast SEO Premium plugin. -->","yoast_head_json":{"title":"LOT ponownie uruchomi po\u0142\u0105czenie Budapeszt - Seul - TransInfo Archiwum","description":"PLL LOT od 27 marca uruchomi ponownie bezpo\u015brednie po\u0142\u0105czenie mi\u0119dzy Budapesztem a Seulem; rejsy maj\u0105 si\u0119 odbywa\u0107 cztery razy w tygodniu","robots":{"index":"index","follow":"follow","max-snippet":"max-snippet:-1","max-image-preview":"max-image-preview:large","max-video-preview":"max-video-preview:-1"},"canonical":"https:\/\/transinfo.pl\/x\/infoair\/lot-ponownie-uruchomi-polaczenie-budapeszt-seul\/","og_locale":"pl_PL","og_type":"article","og_title":"LOT ponownie uruchomi po\u0142\u0105czenie Budapeszt - Seul","og_description":"PLL LOT od 27 marca uruchomi ponownie bezpo\u015brednie po\u0142\u0105czenie mi\u0119dzy Budapesztem a Seulem; rejsy maj\u0105 si\u0119 odbywa\u0107 cztery razy w tygodniu","og_url":"https:\/\/transinfo.pl\/x\/infoair\/lot-ponownie-uruchomi-polaczenie-budapeszt-seul\/","og_site_name":"TransInfo Archiwum","og_image":[{"url":"default"}],"twitter_card":"summary_large_image","twitter_misc":{"Szacowany czas czytania":"1 minuta"},"schema":{"@context":"https:\/\/schema.org","@graph":[{"@type":"WebPage","@id":"https:\/\/transinfo.pl\/x\/infoair\/lot-ponownie-uruchomi-polaczenie-budapeszt-seul\/","url":"https:\/\/transinfo.pl\/x\/infoair\/lot-ponownie-uruchomi-polaczenie-budapeszt-seul\/","name":"LOT ponownie uruchomi po\u0142\u0105czenie Budapeszt - Seul - TransInfo Archiwum","isPartOf":{"@id":"https:\/\/transinfo.pl\/x\/#website"},"datePublished":"2023-02-17T15:30:00+00:00","dateModified":"2023-02-17T15:30:00+00:00","description":"PLL LOT od 27 marca uruchomi ponownie bezpo\u015brednie po\u0142\u0105czenie mi\u0119dzy Budapesztem a Seulem; rejsy maj\u0105 si\u0119 odbywa\u0107 cztery razy w tygodniu","breadcrumb":{"@id":"https:\/\/transinfo.pl\/x\/infoair\/lot-ponownie-uruchomi-polaczenie-budapeszt-seul\/#breadcrumb"},"inLanguage":"pl-PL","potentialAction":[{"@type":"ReadAction","target":["https:\/\/transinfo.pl\/x\/infoair\/lot-ponownie-uruchomi-polaczenie-budapeszt-seul\/"]}]},{"@type":"BreadcrumbList","@id":"https:\/\/transinfo.pl\/x\/infoair\/lot-ponownie-uruchomi-polaczenie-budapeszt-seul\/#breadcrumb","itemListElement":[{"@type":"ListItem","position":1,"name":"Home","item":"https:\/\/transinfo.pl\/x\/"},{"@type":"ListItem","position":2,"name":"Infoair","item":"https:\/\/transinfo.pl\/x\/infoair\/"},{"@type":"ListItem","position":3,"name":"LOT ponownie uruchomi po\u0142\u0105czenie Budapeszt &#8211; Seul"}]},{"@type":"WebSite","@id":"https:\/\/transinfo.pl\/x\/#website","url":"https:\/\/transinfo.pl\/x\/","name":"TransInfo Archiwum","description":"Ca\u0142y transport w jednym miejscu","publisher":{"@id":"https:\/\/transinfo.pl\/x\/#organization"},"potentialAction":[{"@type":"SearchAction","target":{"@type":"EntryPoint","urlTemplate":"https:\/\/transinfo.pl\/x\/?s={search_term_string}"},"query-input":{"@type":"PropertyValueSpecification","valueRequired":true,"valueName":"search_term_string"}}],"inLanguage":"pl-PL"},{"@type":"Organization","@id":"https:\/\/transinfo.pl\/x\/#organization","name":"TransInfo","url":"https:\/\/transinfo.pl\/x\/","logo":{"@type":"ImageObject","inLanguage":"pl-PL","@id":"https:\/\/transinfo.pl\/x\/#\/schema\/logo\/image\/","url":"https:\/\/transinfo.pl\/x\/wp-content\/uploads\/2024\/10\/favicon.png","contentUrl":"https:\/\/transinfo.pl\/x\/wp-content\/uploads\/2024\/10\/favicon.png","width":512,"height":512,"caption":"TransInfo"},"image":{"@id":"https:\/\/transinfo.pl\/x\/#\/schema\/logo\/image\/"}}]}},"_links":{"self":[{"href":"https:\/\/transinfo.pl\/x\/wp-json\/wp\/v2\/infoair\/250381","targetHints":{"allow":["GET"]}}],"collection":[{"href":"https:\/\/transinfo.pl\/x\/wp-json\/wp\/v2\/infoair"}],"about":[{"href":"https:\/\/transinfo.pl\/x\/wp-json\/wp\/v2\/types\/infoair"}],"author":[{"embeddable":true,"href":"https:\/\/transinfo.pl\/x\/wp-json\/wp\/v2\/users\/1"}],"replies":[{"embeddable":true,"href":"https:\/\/transinfo.pl\/x\/wp-json\/wp\/v2\/comments?post=250381"}],"wp:attachment":[{"href":"https:\/\/transinfo.pl\/x\/wp-json\/wp\/v2\/media?parent=250381"}],"wp:term":[{"taxonomy":"category","embeddable":true,"href":"https:\/\/transinfo.pl\/x\/wp-json\/wp\/v2\/categories?post=250381"},{"taxonomy":"post_tag","embeddable":true,"href":"https:\/\/transinfo.pl\/x\/wp-json\/wp\/v2\/tags?post=250381"}],"curies":[{"name":"wp","href":"https:\/\/api.w.org\/{rel}","templated":true}]}}

LOT ponownie uruchomi połączenie Budapeszt &#8211; Seul

<style>h1,h2,h3,h4,h5,h6{margin:0 0 1.25rem;font-family:Arial,sans-serif;font-weight:600;color:#050505}h1{font-size:1.875rem;line-height:1.1em;text-transform:none}@media(min-width: 768px){h1{font-size:2.375rem}}h2{font-size:1.1875rem;line-height:1.2em;text-transform:uppercase}@media(min-width: 768px){h2{font-size:1.0625rem}}h3{font-size:0.9375rem;line-height:1.4em;font-weight:900;margin-bottom:0.9375rem}h4{font-size:0.875rem;line-height:1.2em;font-weight:500}h5{font-size:0.9375rem;line-height:1.6;font-weight:400}h6{font-size:0.9375rem;line-height:1.6;font-weight:600}
</style>
<h6 class="wp-block-heading">PLL LOT od 27 marca uruchomi ponownie bezpośrednie połączenie między Budapesztem a Seulem; rejsy na tej trasie mają się odbywać cztery razy w tygodniu &#8211; poinformował w piątek przewoźnik. Loty będą realizowane Boeingami 787-8 Dreamliner.</h6>


<style>p{margin:0 0 1.5rem}p:last-child{margin:0}p.is-style-uppercase{text-transform:uppercase}p.is-style-preheading{color:#12406a;text-transform:uppercase}p.is-style-leadparagraph{font-size:1rem;line-height:1.625;font-weight:700}@media(min-width: 768px){p.is-style-leadparagraph{font-size:1.125rem;line-height:1.5555555556}}p.has-small-margin{margin-bottom:0.625rem}p.has-small-margin+h1,p.has-small-margin+h2,p.has-small-margin+h3{margin-top:1.875rem}
</style>
<p>Od 27 marca bezpośrednie połączenie PLL LOT Budapeszt &#8211; Seul 4 razy w tygodniu &#8211; przekazały PLL LOT .</p>



<p>Loty mają być obsługiwane przez Boeing 787-8 Dreamliner w poniedziałki, środy, czwartki i soboty. Czas trwania rejsu ma wynosić niespełna 11 godzin.</p>



<p>Narodowy przewoźnik zainaugurował rejsy na trasie Budapeszt &#8211; Seul we wrześniu 2019, potem z powodu pandemii w 2020 r. je zawiesił, potem ponownie wznowił na jakiś czas.</p>



<p>Głównym akcjonariuszem PLL LOT jest Skarb Państwa, który ma 69,3 proc. udziałów w spółce. Drugim akcjonariuszem z 30,7 proc. jest Polska Grupa Lotnicza. PGL należy w 100 proc. do Skarbu Państwa. (PAP)</p>

<!-- This site is optimized with the Yoast SEO Premium plugin v21.8 (Yoast SEO v23.7) - https://yoast.com/wordpress/plugins/seo/ -->
<title>LOT ponownie uruchomi połączenie Budapeszt - Seul - TransInfo Archiwum</title>
<meta name="description" content="PLL LOT od 27 marca uruchomi ponownie bezpośrednie połączenie między Budapesztem a Seulem; rejsy mają się odbywać cztery razy w tygodniu" />
<meta name="robots" content="index, follow, max-snippet:-1, max-image-preview:large, max-video-preview:-1" />
<link rel="canonical" href="https://transinfo.pl/x/infoair/lot-ponownie-uruchomi-polaczenie-budapeszt-seul/" />
<meta property="og:locale" content="pl_PL" />
<meta property="og:type" content="article" />
<meta property="og:title" content="LOT ponownie uruchomi połączenie Budapeszt - Seul" />
<meta property="og:description" content="PLL LOT od 27 marca uruchomi ponownie bezpośrednie połączenie między Budapesztem a Seulem; rejsy mają się odbywać cztery razy w tygodniu" />
<meta property="og:url" content="https://transinfo.pl/x/infoair/lot-ponownie-uruchomi-polaczenie-budapeszt-seul/" />
<meta property="og:site_name" content="TransInfo Archiwum" />
<meta property="og:image" content="http://default" />
<meta name="twitter:card" content="summary_large_image" />
<meta name="twitter:label1" content="Szacowany czas czytania" />
	<meta name="twitter:data1" content="1 minuta" />
<script type="application/ld+json" class="yoast-schema-graph">{"@context":"https://schema.org","@graph":[{"@type":"WebPage","@id":"https://transinfo.pl/x/infoair/lot-ponownie-uruchomi-polaczenie-budapeszt-seul/","url":"https://transinfo.pl/x/infoair/lot-ponownie-uruchomi-polaczenie-budapeszt-seul/","name":"LOT ponownie uruchomi połączenie Budapeszt - Seul - TransInfo Archiwum","isPartOf":{"@id":"https://transinfo.pl/x/#website"},"datePublished":"2023-02-17T15:30:00+00:00","dateModified":"2023-02-17T15:30:00+00:00","description":"PLL LOT od 27 marca uruchomi ponownie bezpośrednie połączenie między Budapesztem a Seulem; rejsy mają się odbywać cztery razy w tygodniu","breadcrumb":{"@id":"https://transinfo.pl/x/infoair/lot-ponownie-uruchomi-polaczenie-budapeszt-seul/#breadcrumb"},"inLanguage":"pl-PL","potentialAction":[{"@type":"ReadAction","target":["https://transinfo.pl/x/infoair/lot-ponownie-uruchomi-polaczenie-budapeszt-seul/"]}]},{"@type":"BreadcrumbList","@id":"https://transinfo.pl/x/infoair/lot-ponownie-uruchomi-polaczenie-budapeszt-seul/#breadcrumb","itemListElement":[{"@type":"ListItem","position":1,"name":"Home","item":"https://transinfo.pl/x/"},{"@type":"ListItem","position":2,"name":"Infoair","item":"https://transinfo.pl/x/infoair/"},{"@type":"ListItem","position":3,"name":"LOT ponownie uruchomi połączenie Budapeszt &#8211; Seul"}]},{"@type":"WebSite","@id":"https://transinfo.pl/x/#website","url":"https://transinfo.pl/x/","name":"TransInfo Archiwum","description":"Cały transport w jednym miejscu","publisher":{"@id":"https://transinfo.pl/x/#organization"},"potentialAction":[{"@type":"SearchAction","target":{"@type":"EntryPoint","urlTemplate":"https://transinfo.pl/x/?s={search_term_string}"},"query-input":{"@type":"PropertyValueSpecification","valueRequired":true,"valueName":"search_term_string"}}],"inLanguage":"pl-PL"},{"@type":"Organization","@id":"https://transinfo.pl/x/#organization","name":"TransInfo","url":"https://transinfo.pl/x/","logo":{"@type":"ImageObject","inLanguage":"pl-PL","@id":"https://transinfo.pl/x/#/schema/logo/image/","url":"https://transinfo.pl/x/wp-content/uploads/2024/10/favicon.png","contentUrl":"https://transinfo.pl/x/wp-content/uploads/2024/10/favicon.png","width":512,"height":512,"caption":"TransInfo"},"image":{"@id":"https://transinfo.pl/x/#/schema/logo/image/"}}]}</script>
<!-- / Yoast SEO Premium plugin. -->

LOT ponownie uruchomi połączenie Budapeszt - Seul - TransInfo Archiwum

PLL LOT od 27 marca uruchomi ponownie bezpośrednie połączenie między Budapesztem a Seulem; rejsy mają się odbywać cztery razy w tygodniu

LOT ponownie uruchomi połączenie Budapeszt - Seul

Cały transport w jednym miejscu
